composite?
False
Is 78921238241 prime?
True
Is 235850309 composite?
False
Is 4444991673 composite?
True
Is 732677641 a prime number?
False
Is 5759659819 composite?
True
Is 7641243839 prime?
False
Is 4050845167 a composite number?
True
Is 30797281 a composite number?
True
Is 2509900546 prime?
False
Is 15692191811 a composite number?
False
Is 458444201 prime?
False
Is 1470987569 a prime number?
False
Is 19229199233 composite?
False
Is 25329244495 prime?
False
Is 10484758007 prime?
False
Is 24745540289 prime?
False
Is 16117502707 a prime number?
True
Is 129212561 a prime number?
False
Is 870795587 a composite number?
True
Is 248503258 composite?
True
Is 12507744559 a composite number?
True
Is 8038888423 composite?
False
Is 242629064537 composite?
False
Is 245234359 a prime number?
True
Is 569972423 prime?
False
Is 26852167957 a prime number?
True
Is 223755899 a prime number?
True
Is 4565488747 a composite number?
True
Is 165501156809 a prime number?
True
Is 52480126379 composite?
False
Is 59147801015 a prime number?
False
Is 22563548023 composite?
False
Is 90581678851 prime?
True
Is 10012257161 a composite number?
False
Is 2333344633 a composite number?
True
Is 19563861469 composite?
True
Is 2738244127 a prime number?
True
Is 1385982287 prime?
True
Is 405776633 composite?
False
Is 52939416769 composite?
False
Is 646509749 a prime number?
False
Is 22486765361 a composite number?
False
Is 1679918213 a composite number?
True
Is 8470886843 a composite number?
False
Is 1257806269 a composite number?
False
Is 1604307797 a composite number?
True
Is 4674820873 a composite number?
True
Is 56185911419 a composite number?
True
Is 12972371 composite?
False
Is 260473529 a prime number?
True
Is 3263654029 prime?
True
Is 37708763861 a prime number?
True
Is 66546006829 prime?
False
Is 7010633237 a prime number?
True
Is 15448889881 prime?
False
Is 1921072961 a prime number?
True
Is 535639339 composite?
True
Is 11096371397 composite?
False
Is 38968676431 composite?
False
Is 150756187 composite?
True
Is 8974372637 a prime number?
False
Is 328369793 a composite number?
False
Is 3462535465 a prime number?
False
Is 1069114843 a prime number?
True
Is 14480796599 prime?
False
Is 8539863713 prime?
True
Is 180825023 prime?
True
Is 3787248343 composite?
True
Is 8763319483 a composite number?
False
Is 4566481967 a composite number?
True
Is 175708633 composite?
False
Is 10780849957 composite?
False
Is 31464814274 a composite number?
True
Is 9498611515 prime?
False
Is 399281263 a prime number?
False
Is 2005804693 a prime number?
False
Is 2852512349 prime?
False
Is 125226831494 a prime number?
False
Is 76932631 composite?
True
Is 7011321419 composite?
False
Is 18271570007 composite?
False
Is 1840372153 a composite number?
False
Is 891437 a composite number?
True
Is 35769138767 composite?
False
Is 1118565121 prime?
True
Is 729813835 composite?
True
Is 14635788959 a composite number?
True
Is 3307887277 prime?
False
Is 43948703 a prime number?
True
Is 339408733 a composite number?
True
Is 104105861 a prime number?
True
Is 4795840295 composite?
True
Is 81093596929 prime?
False
Is 78049043167 a composite number?
True
Is 3169290659 composite?
False
Is 4786086223 composite?
False
Is 292596709 a composite number?
True
Is 18704829769 composite?
False
Is 4025178017 prime?
False
Is 27178766 prime?
False
Is 2999322721 composite?
True
Is 58347297581 composite?
True
Is 1345401823 a prime number?
False
Is 76230812517 a composite number?
True
Is 264986759 composite?
True
Is 86987540249 composite?
False
Is 206217468961 composite?
True
Is 15267614451 a composite number?
True
Is 22017168647 a prime number?
True
Is 31899831401 prime?
True
Is 73392917 a prime number?
False
Is 6172715001 a composite number?
True
Is 1362106231 composite?
False
Is 559636603 composite?
True
Is 4484376797 composite?
True
Is 103260806183 prime?
True
Is 2417252519 a prime number?
False
Is 118924427 composite?
True
Is 113858971 a prime number?
True
Is 6220906937 a prime number?
False
Is 4838232947 composite?
False
Is 590402317 a prime number?
True
Is 125927505479 a prime number?
False
Is 52763249041 composite?
True
Is 1126771511 a composite number?
False
Is 1506622001 prime?
True
Is 2214372077 a prime number?
False
Is 5814817973 prime?
True
Is 62648470909 prime?
True
Is 108010033 a prime number?
False
Is 33066130649 composite?
False
Is 57191764069 prime?
False
Is 5753364997 a composite number?
False
Is 45447318791 prime?
False
Is 672755581 a composite number?
False
Is 426664367 prime?
True
Is 721109327 a composite number?
True
Is 37359977503 composite?
False
Is 48147294929 a composite number?
True
Is 20285432653 composite?
True
Is 326376913 a prime number?
True
Is 565316723 a composite number?
True
Is 1635122803 composite?
True
Is 239479771819 a prime number?
False
Is 15924919 a prime number?
True
Is 46673382271 prime?
True
Is 26120244397 prime?
False
Is 57026573 a prime number?
True
Is 12563864429 prime?
False
Is 77644388867 a prime number?
True
Is 65067113 a prime number?
True
Is 2227987687 a composite number?
True
Is 3272811929 a composite number?
False
Is 31174291367 a prime number?
True
Is 2601984667 a composite number?
False
Is 53330823341 prime?
False
Is 403912919 a prime number?
False
Is 1649250271 a composite number?
True
Is 1347220697 a composite number?
False
Is 30578729743 a composite number?
False
Is 5401229143 prime?
False
Is 128988295567 prime?
False
Is 1656808402 a prime number?
False
Is 2109027749 a prime number?
False
Is 83949443 composite?
False
Is 2230532737 a composite number?
True
Is 945081653 prime?
True
Is 5892523471 composite?
True
Is 90854263417 prime?
True
Is 3118628983 a prime number?
True
Is 195395393 prime?
True
Is 181179199 prime?
False
Is 12144909419 a prime number?
True
Is 1037809121 a prime number?
True
Is 1198285177 prime?
False
Is 54253334717 prime?
True
Is 389488873 composite?
False
Is 6186614921 a prime number?
False
Is 14361396967 composite?
False
Is 804536167 a prime number?
True
Is 42457699105 prime?
False
Is 975834859 prime?
True
Is 1267261273 a composite number?
False
Is 41437756133 a composite number?
True
Is 650687027 a prime number?
True
Is 64966701803 prime?
True
Is 1546572737 a prime number?
False
Is 1639052477 composite?
False
Is 129848510053 a composite number?
True
Is 51327473819 a prime number?
False
Is 58993820099 a composite number?
False
Is 48770318749 prime?
True
Is 110873239957 composite?
False
Is 66360374629 prime?
False
Is 1328421781 a prime number?
True
Is 1591633929 a prime number?
False
Is 1674400807 composite?
True
Is 372698342 a prime number?
False
Is 14959321873 composite?
False
Is 21965541899 prime?
False
Is 11198945221 prime?
True
Is 2195401979 a prime number?
False
Is 121811848793 a composite number?
False
Is 107090886901 a prime number?
True
Is 22798186361 a prime number?
False
Is 46609669793 a prime number?
False
Is 88441723 composite?
True
Is 73652717041 a composite number?
False
Is 494335183 a prime number?
False
Is 29682782027 a prime number?
True
Is 44310250021 prime?
False
Is 942308431 a prime number?
False
Is 4023341191 a composite number?
False
Is 32521571 prime?
True
Is 1968776687 prime?
False
Is 1645804513 a prime number?
False
Is 3581178899 a prime number?
True
Is 53705471549 a composite number?
False
Is 35555220119 prime?
True
Is 7408369009 a composite number?
True
Is 1261473553 composite?
False
Is 1614573893 a composite number?
True
Is 23728188811 composite?
False
Is 517886821 a prime number?
True
Is 125197862897 a prime number?
False
Is 16732056511 prime?
True
Is 25323411 a prime number?
False
Is 17010709689 a composite number?
True
Is 1894106317 prime?
False
Is 1754674541 a prime number?
True
Is 8072811823 prime?
False
Is 3179500747 a prime number?
True
Is 73143831077 a prime number?
True
Is 2334659983 a prime number?
True
Is 1747745771 a prime number?
True
Is 58263195001 composite?
True
Is 36176309509 composite?
False
Is 75099223 a composite number?
True
Is 38915780207 a composite number?
True
Is 3221126191 a prime number?
False
Is 6015435313 composite?
True
Is 459025909 composite?
False
Is 2427148817 a prime number?
False
Is 218083917719 a composite number?
True
Is 846866591 a composite number?
False
Is 34017847237 composite?
True
I